[INFO] cloning repository https://github.com/chrisduerr/leechbar-wayland
[INFO] running `Command { std: "git" "-c" "credential.helper=" "-c" "credential.helper=/workspace/cargo-home/bin/git-credential-null" "clone" "--bare" "https://github.com/chrisduerr/leechbar-wayland" "/workspace/cache/git-repos/https%3A%2F%2Fgithub.com%2Fchrisduerr%2Fleechbar-wayland", kill_on_drop: false }`
[INFO] [stderr] Cloning into bare repository '/workspace/cache/git-repos/https%3A%2F%2Fgithub.com%2Fchrisduerr%2Fleechbar-wayland'...
[INFO] running `Command { std: "git" "rev-parse" "HEAD", kill_on_drop: false }`
[INFO] [stdout] 443837ba39624e7244575c34b650461b1dca76ec
[INFO] checking chrisduerr/leechbar-wayland against master#cfbc6d4cf1acbac5c025acf8ed68929caa551df3 for pr-75494-beta
[INFO] running `Command { std: "git" "clone" "/workspace/cache/git-repos/https%3A%2F%2Fgithub.com%2Fchrisduerr%2Fleechbar-wayland" "/workspace/builds/worker-2/source", kill_on_drop: false }`
[INFO] [stderr] Cloning into '/workspace/builds/worker-2/source'...
[INFO] [stderr] done.
[INFO] validating manifest of git repo https://github.com/chrisduerr/leechbar-wayland on toolchain cfbc6d4cf1acbac5c025acf8ed68929caa551df3
[INFO] running `Command { std: "/workspace/cargo-home/bin/cargo" "+cfbc6d4cf1acbac5c025acf8ed68929caa551df3" "read-manifest" "--manifest-path" "Cargo.toml", kill_on_drop: false }`
[INFO] started tweaking git repo https://github.com/chrisduerr/leechbar-wayland
[INFO] finished tweaking git repo https://github.com/chrisduerr/leechbar-wayland
[INFO] tweaked toml for git repo https://github.com/chrisduerr/leechbar-wayland written to /workspace/builds/worker-2/source/Cargo.toml
[INFO] crate git repo https://github.com/chrisduerr/leechbar-wayland already has a lockfile, it will not be regenerated
[INFO] running `Command { std: "/workspace/cargo-home/bin/cargo" "+cfbc6d4cf1acbac5c025acf8ed68929caa551df3" "fetch" "--locked" "--manifest-path" "Cargo.toml", kill_on_drop: false }`
[INFO] [stderr]     Blocking waiting for file lock on package cache
[INFO] [stderr]  Downloading crates ...
[INFO] [stderr]   Downloaded phf_codegen v0.7.20
[INFO] [stderr]   Downloaded phf_generator v0.7.20
[INFO] [stderr]   Downloaded thread_local v0.3.2
[INFO] [stderr]   Downloaded xml-rs v0.3.5
[INFO] [stderr]   Downloaded num_cpus v1.2.0
[INFO] [stderr]   Downloaded image v0.10.4
[INFO] [stderr]   Downloaded wayland-client v0.7.6
[INFO] [stderr]   Downloaded wayland-sys v0.7.6
[INFO] [stderr]   Downloaded phf_shared v0.7.20
[INFO] [stderr]   Downloaded libc v0.2.18
[INFO] [stderr]   Downloaded xcb v0.7.6
[INFO] [stderr]   Downloaded memchr v1.0.0
[INFO] [stderr]   Downloaded phf v0.7.20
[INFO] [stderr]   Downloaded gcc v0.3.40
[INFO] [stderr]   Downloaded jpeg-decoder v0.1.9
[INFO] [stderr]   Downloaded aho-corasick v0.6.1
[INFO] [stderr]   Downloaded serde v0.8.20
[INFO] [stderr]   Downloaded xcb-util v0.1.7
[INFO] [stderr]   Downloaded wayland-scanner v0.7.6
[INFO] [stderr]   Downloaded serde_json v0.8.4
[INFO] running `Command { std: "docker" "create" "-v" "/var/lib/crater-agent-workspace/builds/worker-2/target:/opt/rustwide/target:rw,Z" "-v" "/var/lib/crater-agent-workspace/builds/worker-2/source:/opt/rustwide/workdir:ro,Z" "-v" "/var/lib/crater-agent-workspace/cargo-home:/opt/rustwide/cargo-home:ro,Z" "-v" "/var/lib/crater-agent-workspace/rustup-home:/opt/rustwide/rustup-home:ro,Z" "-e" "SOURCE_DIR=/opt/rustwide/workdir" "-e" "CARGO_TARGET_DIR=/opt/rustwide/target" "-e" "CARGO_HOME=/opt/rustwide/cargo-home" "-e" "RUSTUP_HOME=/opt/rustwide/rustup-home" "-w" "/opt/rustwide/workdir" "-m" "1610612736" "--user" "0:0" "--network" "none" "rustops/crates-build-env@sha256:a636fd89d022f18117e1dc8fb37a0a009933cdbbe082814857f0e2024962d47c" "/opt/rustwide/cargo-home/bin/cargo" "+cfbc6d4cf1acbac5c025acf8ed68929caa551df3" "metadata" "--no-deps" "--format-version=1", kill_on_drop: false }`
[INFO] [stdout] 352d0f0065dc1693f91dbf38785ee8291078958fc68420e4ba5dde8b29935516
[INFO] [stderr] WARNING: Your kernel does not support swap limit capabilities or the cgroup is not mounted. Memory limited without swap.
[INFO] running `Command { std: "docker" "start" "-a" "352d0f0065dc1693f91dbf38785ee8291078958fc68420e4ba5dde8b29935516", kill_on_drop: false }`
[INFO] running `Command { std: "docker" "inspect" "352d0f0065dc1693f91dbf38785ee8291078958fc68420e4ba5dde8b29935516", kill_on_drop: false }`
[INFO] running `Command { std: "docker" "rm" "-f" "352d0f0065dc1693f91dbf38785ee8291078958fc68420e4ba5dde8b29935516", kill_on_drop: false }`
[INFO] [stdout] 352d0f0065dc1693f91dbf38785ee8291078958fc68420e4ba5dde8b29935516
[INFO] running `Command { std: "docker" "create" "-v" "/var/lib/crater-agent-workspace/builds/worker-2/target:/opt/rustwide/target:rw,Z" "-v" "/var/lib/crater-agent-workspace/builds/worker-2/source:/opt/rustwide/workdir:ro,Z" "-v" "/var/lib/crater-agent-workspace/cargo-home:/opt/rustwide/cargo-home:ro,Z" "-v" "/var/lib/crater-agent-workspace/rustup-home:/opt/rustwide/rustup-home:ro,Z" "-e" "SOURCE_DIR=/opt/rustwide/workdir" "-e" "CARGO_TARGET_DIR=/opt/rustwide/target" "-e" "CARGO_INCREMENTAL=0" "-e" "RUST_BACKTRACE=full" "-e" "RUSTFLAGS=--cap-lints=forbid" "-e" "CARGO_HOME=/opt/rustwide/cargo-home" "-e" "RUSTUP_HOME=/opt/rustwide/rustup-home" "-w" "/opt/rustwide/workdir" "-m" "1610612736" "--user" "0:0" "--network" "none" "rustops/crates-build-env@sha256:a636fd89d022f18117e1dc8fb37a0a009933cdbbe082814857f0e2024962d47c" "/opt/rustwide/cargo-home/bin/cargo" "+cfbc6d4cf1acbac5c025acf8ed68929caa551df3" "check" "--frozen" "--all" "--all-targets" "--message-format=json", kill_on_drop: false }`
[INFO] [stdout] 069b00c7000cbcb06ca059b47bec98b64a96cfa8466948efb138d397432c650c
[INFO] [stderr] WARNING: Your kernel does not support swap limit capabilities or the cgroup is not mounted. Memory limited without swap.
[INFO] running `Command { std: "docker" "start" "-a" "069b00c7000cbcb06ca059b47bec98b64a96cfa8466948efb138d397432c650c", kill_on_drop: false }`
[INFO] [stderr]     Checking libc v0.2.18
[INFO] [stderr]    Compiling phf_shared v0.7.20
[INFO] [stderr]    Compiling itoa v0.1.1
[INFO] [stderr]     Checking num-traits v0.1.36
[INFO] [stderr]    Compiling dtoa v0.2.2
[INFO] [stderr]    Compiling serde v0.8.20
[INFO] [stderr]    Compiling bitflags v0.7.0
[INFO] [stderr]    Compiling gcc v0.3.40
[INFO] [stderr]     Checking rustc-serialize v0.3.22
[INFO] [stderr]    Compiling semver v0.1.20
[INFO] [stderr]     Checking lazy_static v0.2.2
[INFO] [stderr]    Compiling winapi-build v0.1.1
[INFO] [stderr]     Checking odds v0.2.25
[INFO] [stderr]     Checking color_quant v1.0.0
[INFO] [stderr]     Checking byteorder v0.4.2
[INFO] [stderr]     Checking log v0.3.6
[INFO] [stderr]     Checking winapi v0.2.8
[INFO] [stderr]     Checking linked-hash-map v0.0.10
[INFO] [stderr]     Checking scoped_threadpool v0.1.7
[INFO] [stderr]    Compiling xml-rs v0.3.5
[INFO] [stderr]    Compiling phf v0.7.20
[INFO] [stderr]     Checking gif v0.9.0
[INFO] [stderr]    Compiling kernel32-sys v0.2.2
[INFO] [stderr]    Compiling rustc_version v0.1.7
[INFO] [stderr]     Checking stb_truetype v0.2.0
[INFO] [stderr]    Compiling rand v0.3.15
[INFO] [stderr]     Checking nodrop v0.1.8
[INFO] [stderr]    Compiling xcb v0.7.6
[INFO] [stderr]     Checking num_cpus v1.2.0
[INFO] [stderr]     Checking thread-id v3.0.0
[INFO] [stderr]     Checking memchr v1.0.0
[INFO] [stderr]     Checking arrayvec v0.3.20
[INFO] [stderr]     Checking num-integer v0.1.32
[INFO] [stderr]     Checking thread_local v0.3.2
[INFO] [stderr]     Checking aho-corasick v0.6.1
[INFO] [stderr]    Compiling tempfile v2.1.4
[INFO] [stderr]     Checking num-iter v0.1.32
[INFO] [stderr]    Compiling miniz-sys v0.1.7
[INFO] [stderr]     Checking num v0.1.36
[INFO] [stderr]     Checking regex v0.2.1
[INFO] [stderr]     Checking rusttype v0.2.1
[INFO] [stderr]     Checking deque v0.3.1
[INFO] [stderr]    Compiling phf_generator v0.7.20
[INFO] [stderr]    Compiling wayland-scanner v0.7.6
[INFO] [stderr]     Checking enum_primitive v0.1.0
[INFO] [stderr]    Compiling phf_codegen v0.7.20
[INFO] [stderr]     Checking rayon v0.5.0
[INFO] [stderr] error: failed to run custom build command for `xcb v0.7.6`
[INFO] [stderr] 
[INFO] [stderr] Caused by:
[INFO] [stderr]   process didn't exit successfully: `/opt/rustwide/target/debug/build/xcb-5680ad9655a8b6ee/build-script-build` (exit code: 101)
[INFO] [stderr]   --- stderr
[INFO] [stderr]   error occured in handler:  ('request: ', ('xcb', 'Xevie', 'SelectInput'))
[INFO] [stderr]   Traceback (most recent call last):
[INFO] [stderr]     File "/opt/rustwide/cargo-home/registry/src/github.com-1ecc6299db9ec823/xcb-0.7.6/rs_client.py", line 2401, in <module>
[INFO] [stderr]       module.generate()
[INFO] [stderr]     File "/opt/rustwide/cargo-home/registry/src/github.com-1ecc6299db9ec823/xcb-0.7.6/xcbgen/state.py", line 108, in generate
[INFO] [stderr]       self.close()
[INFO] [stderr]     File "/opt/rustwide/cargo-home/registry/src/github.com-1ecc6299db9ec823/xcb-0.7.6/rs_client.py", line 291, in rs_close
[INFO] [stderr]       _f.writeout(os.path.join(module.rs_srcdir, "ffi", "%s.rs" % _module_name(_ns.ext_name)))
[INFO] [stderr]     File "/opt/rustwide/cargo-home/registry/src/github.com-1ecc6299db9ec823/xcb-0.7.6/rs_client.py", line 115, in writeout
[INFO] [stderr]       with open(path, 'w') as f:
[INFO] [stderr]   OSError: [Errno 30] Read-only file system: '/opt/rustwide/cargo-home/registry/src/github.com-1ecc6299db9ec823/xcb-0.7.6/src/ffi/xevie.rs'
[INFO] [stderr]   thread 'main' panicked at 'processing of /opt/rustwide/cargo-home/registry/src/github.com-1ecc6299db9ec823/xcb-0.7.6/xml/xevie.xml returned non-zero (1)', /opt/rustwide/cargo-home/registry/src/github.com-1ecc6299db9ec823/xcb-0.7.6/build.rs:73:17
[INFO] [stderr]   stack backtrace:
[INFO] [stderr]      0:     0x55c3d3a55895 - backtrace::backtrace::libunwind::trace::h5e2646fa3eddf2ea
[INFO] [stderr]                                  at /cargo/registry/src/github.com-1ecc6299db9ec823/backtrace-0.3.46/src/backtrace/libunwind.rs:86
[INFO] [stderr]      1:     0x55c3d3a55895 - backtrace::backtrace::trace_unsynchronized::hb95dd7f77ce47877
[INFO] [stderr]                                  at /cargo/registry/src/github.com-1ecc6299db9ec823/backtrace-0.3.46/src/backtrace/mod.rs:66
[INFO] [stderr]      2:     0x55c3d3a55895 - std::sys_common::backtrace::_print_fmt::h5e71b67af43fd70d
[INFO] [stderr]                                  at src/libstd/sys_common/backtrace.rs:78
[INFO] [stderr]      3:     0x55c3d3a55895 - <std::sys_common::backtrace::_print::DisplayBacktrace as core::fmt::Display>::fmt::hdb4a83d2b61107e5
[INFO] [stderr]                                  at src/libstd/sys_common/backtrace.rs:59
[INFO] [stderr]      4:     0x55c3d3a7772c - core::fmt::write::ha20e7262fa3e8a7a
[INFO] [stderr]                                  at src/libcore/fmt/mod.rs:1076
[INFO] [stderr]      5:     0x55c3d3a52e72 - std::io::Write::write_fmt::h1aebfe8a5a79e36d
[INFO] [stderr]                                  at src/libstd/io/mod.rs:1537
[INFO] [stderr]      6:     0x55c3d3a57c50 - std::sys_common::backtrace::_print::h9c07314cc66ba539
[INFO] [stderr]                                  at src/libstd/sys_common/backtrace.rs:62
[INFO] [stderr]      7:     0x55c3d3a57c50 - std::sys_common::backtrace::print::hd1fd65f49a2d8544
[INFO] [stderr]                                  at src/libstd/sys_common/backtrace.rs:49
[INFO] [stderr]      8:     0x55c3d3a57c50 - std::panicking::default_hook::{{closure}}::h222da46485ab36fc
[INFO] [stderr]                                  at src/libstd/panicking.rs:198
[INFO] [stderr]      9:     0x55c3d3a5799c - std::panicking::default_hook::hc5868949d129ed00
[INFO] [stderr]                                  at src/libstd/panicking.rs:217
[INFO] [stderr]     10:     0x55c3d3a58293 - std::panicking::rust_panic_with_hook::h26a6ab8b0993c0c8
[INFO] [stderr]                                  at src/libstd/panicking.rs:526
[INFO] [stderr]     11:     0x55c3d3a57e8b - rust_begin_unwind
[INFO] [stderr]                                  at src/libstd/panicking.rs:437
[INFO] [stderr]     12:     0x55c3d3a57dfb - std::panicking::begin_panic_fmt::h2ff295231415d4a6
[INFO] [stderr]                                  at src/libstd/panicking.rs:391
[INFO] [stderr]     13:     0x55c3d3a42cf5 - build_script_build::main::{{closure}}::h844cca84ecb8a21f
[INFO] [stderr]                                  at /opt/rustwide/cargo-home/registry/src/github.com-1ecc6299db9ec823/xcb-0.7.6/build.rs:73
[INFO] [stderr]     14:     0x55c3d3a4198c - build_script_build::visit_xml::h3c068a3b8c891c59
[INFO] [stderr]                                  at /opt/rustwide/cargo-home/registry/src/github.com-1ecc6299db9ec823/xcb-0.7.6/build.rs:20
[INFO] [stderr]     15:     0x55c3d3a420b5 - build_script_build::main::hc1f59592f1ff19a8
[INFO] [stderr]                                  at /opt/rustwide/cargo-home/registry/src/github.com-1ecc6299db9ec823/xcb-0.7.6/build.rs:56
[INFO] [stderr]     16:     0x55c3d3a4469b - std::rt::lang_start::{{closure}}::ha0bbd52eef6a8827
[INFO] [stderr]                                  at /rustc/cfbc6d4cf1acbac5c025acf8ed68929caa551df3/src/libstd/rt.rs:67
[INFO] [stderr]     17:     0x55c3d3a58663 - std::rt::lang_start_internal::{{closure}}::h84a998219831fa70
[INFO] [stderr]                                  at src/libstd/rt.rs:52
[INFO] [stderr]     18:     0x55c3d3a58663 - std::panicking::try::do_call::he8e1d689a3e26def
[INFO] [stderr]                                  at src/libstd/panicking.rs:348
[INFO] [stderr]     19:     0x55c3d3a58663 - std::panicking::try::h264b6eebc2fa7bbf
[INFO] [stderr]                                  at src/libstd/panicking.rs:325
[INFO] [stderr]     20:     0x55c3d3a58663 - std::panic::catch_unwind::hbf28fafa723b2128
[INFO] [stderr]                                  at src/libstd/panic.rs:394
[INFO] [stderr]     21:     0x55c3d3a58663 - std::rt::lang_start_internal::he959aa59bc3ec202
[INFO] [stderr]                                  at src/libstd/rt.rs:51
[INFO] [stderr]     22:     0x55c3d3a44677 - std::rt::lang_start::h592a159b3a8f11ed
[INFO] [stderr]                                  at /rustc/cfbc6d4cf1acbac5c025acf8ed68929caa551df3/src/libstd/rt.rs:67
[INFO] [stderr]     23:     0x55c3d3a42dba - main
[INFO] [stderr]     24:     0x7fbf482720b3 - __libc_start_main
[INFO] [stderr]     25:     0x55c3d3a4118e - _start
[INFO] [stderr]     26:                0x0 - <unknown>
[INFO] [stderr] warning: build failed, waiting for other jobs to finish...
[INFO] [stdout] error[E0311]: the parameter type `K` may not live long enough
[INFO] [stdout]    --> /opt/rustwide/cargo-home/registry/src/github.com-1ecc6299db9ec823/rusttype-0.2.1/src/support/bst/map.rs:81:19
[INFO] [stdout]     |
[INFO] [stdout] 81  |             match node.force() {
[INFO] [stdout]     |                   ^^^^
[INFO] [stdout]     |
[INFO] [stdout] note: the parameter type `K` must be valid for the anonymous lifetime #1 defined on the function body at 77:9...
[INFO] [stdout]    --> /opt/rustwide/cargo-home/registry/src/github.com-1ecc6299db9ec823/rusttype-0.2.1/src/support/bst/map.rs:77:9
[INFO] [stdout]     |
[INFO] [stdout] 77  | /         fn clone_subtree<K: Clone, V: Clone>(
[INFO] [stdout] 78  | |                 node: node::NodeRef<marker::Immut, K, V, marker::LeafOrInternal>)
[INFO] [stdout] 79  | |                 -> BTreeMap<K, V> {
[INFO] [stdout] 80  | |
[INFO] [stdout] ...   |
[INFO] [stdout] 136 | |             }
[INFO] [stdout] 137 | |         }
[INFO] [stdout]     | |_________^
[INFO] [stdout] 
[INFO] [stdout] 
[INFO] [stdout] error[E0311]: the parameter type `V` may not live long enough
[INFO] [stdout]    --> /opt/rustwide/cargo-home/registry/src/github.com-1ecc6299db9ec823/rusttype-0.2.1/src/support/bst/map.rs:81:19
[INFO] [stdout]     |
[INFO] [stdout] 81  |             match node.force() {
[INFO] [stdout]     |                   ^^^^
[INFO] [stdout]     |
[INFO] [stdout] note: the parameter type `V` must be valid for the anonymous lifetime #1 defined on the function body at 77:9...
[INFO] [stdout]    --> /opt/rustwide/cargo-home/registry/src/github.com-1ecc6299db9ec823/rusttype-0.2.1/src/support/bst/map.rs:77:9
[INFO] [stdout]     |
[INFO] [stdout] 77  | /         fn clone_subtree<K: Clone, V: Clone>(
[INFO] [stdout] 78  | |                 node: node::NodeRef<marker::Immut, K, V, marker::LeafOrInternal>)
[INFO] [stdout] 79  | |                 -> BTreeMap<K, V> {
[INFO] [stdout] 80  | |
[INFO] [stdout] ...   |
[INFO] [stdout] 136 | |             }
[INFO] [stdout] 137 | |         }
[INFO] [stdout]     | |_________^
[INFO] [stdout] 
[INFO] [stdout] 
[INFO] [stdout] error: aborting due to 2 previous errors
[INFO] [stdout] 
[INFO] [stdout] 
[INFO] [stderr] error: build failed
[INFO] running `Command { std: "docker" "inspect" "069b00c7000cbcb06ca059b47bec98b64a96cfa8466948efb138d397432c650c", kill_on_drop: false }`
[INFO] running `Command { std: "docker" "rm" "-f" "069b00c7000cbcb06ca059b47bec98b64a96cfa8466948efb138d397432c650c", kill_on_drop: false }`
[INFO] [stdout] 069b00c7000cbcb06ca059b47bec98b64a96cfa8466948efb138d397432c650c
